 of t?
1
Let o(h) = h**3 + 69*h**2 - 53*h - 228. What is the tens digit of o(-68)?
0
Suppose -78*f = -103*f + 396300. What is the hundreds digit of f?
8
Let r(q) = 24*q**2 - 17*q + 13. Let y be r(6). Let c = 2254 - y. What is the hundreds digit of c?
4
What is the units digit of ((-7)/(84/(-258)))/(5/1270)?
1
Suppose 0 = -4*f + 44. Suppose -8*c + 13*c - f*c = 0. Suppose -i + 2*q + 68 = c, 3*i - 52 = 2*i - 2*q. What is the units digit of i?
0
Let c(r) = -6*r**3 - 27*r**2 - 94*r - 6. What is the hundreds digit of c(-18)?
9
What is the thousands digit of (2004/5)/(3 + (-445)/150)?
2
Let z = 46 - 40. Suppose -18 = z*l - 7*l. Suppose -l*v - 27 = -21*v. What is the units digit of v?
9
Let f(z) = 148*z**2 - 59*z - 136. What is the units digit of f(-11)?
1
Let g be (-5 + 5)/6*(-1)/2. Suppose g = -3*f - 5*b + 1059, 722 = 6*f - 4*f - 2*b. What is the units digit of f?
8
Suppose 0*d = -2*d - 8. Let c(m) = m - 1. Let i(b) = b**2 + 5*b + 28. Let p(x) = d*c(x) + i(x). What is the units digit of p(0)?
2
What is the units digit of (-12 + 2)/((2/2769)/((-160)/120))?
0
Let q(y) = 2*y**3 - 294*y**2 + 337*y - 215. What is the tens digit of q(146)?
5
Let g = 618 + -616. What is the hundreds digit of (60 + -59)/(g/2484)?
2
Let s be (1 + -2)*6/(-2). Suppose 4*u = -4*n + 8*u + 20, 4*u + 40 = 8*n. Suppose s*h - n*h + 86 = 0. What is the tens digit of h?
4
What is the units digit of (-30)/105 - 4/56*-51286?
3
Let o = -2152 + 9623. What is the units digit of o?
1
Suppose -4*n - 4*m = -6*n + 2894, -2*n - m = -2899. What is the tens digit of n?
4
What is the thousands digit of -5 + (3597 + -24 - (1 - -7))?
3
Let q be -2 + (-174)/(-4)*(16 - 20). Let l = q + 237. What is the units digit of l?
1
Let c = -2050 - -9568. What is the units digit of c?
8
Suppose -165661 = -2*h + c, 8*c = -2*h + 3*c + 165607. What is the tens digit of h?
2
Suppose 3*c + 0*o = 4*o - 52, -4*c - 4*o - 32 = 0. Let u(s) = s**3 + 11*s**2 - 16*s - 17. Let d be u(c). Suppose 4*x = d + 41. What is the tens digit of x?
1
Let l(q) = -3534*q - 1465. What is the thousands digit of l(-10)?
3
Let s be (-2 - (-3)/(-1))*(-10)/(-25). What is the hundreds digit of s + (-4 - 31*-16)?
4
Let r be (11 - 405) + -5 + 1. Let g = 635 + r. What is the tens digit of g?
3
Suppose 4 = 44*s - 45*s. Let i be ((-4)/8 + 0)/(s/(-416)). What is the units digit of 24*((-2 - 1) + (-559)/i)?
6
Let x be ((-12)/(-15))/(8/20). Suppose 7*b = 3*b + 20. Suppose -2*u + q = 6 - 48, -b*u - x*q = -114. What is the tens digit of u?
2
Let u(l) = 40*l**3 + 2*l**2 - 3*l - 3. Let m(f) = -f**2 - 24*f - 77. Let r be m(-20). Let s be u(r). Suppose 8*g - 2*g = s. What is the hundreds digit of g?
1
Let a(v) = v**3 - 5*v**2 + v - 7. Let t be a(6). Let u = 35 - t. Suppose -2*h - 2*h + 256 = u. What is the units digit of h?
4
Let x(v) = v**2 + 13*v - 2. Let b be x(-15). Suppose b = 21*l - 1610. What is the units digit of l?
8
Suppose -3*y - 3*t + 15 + 21 = 0, -2*t - 3 = -y. Let i(u) = -18 + 8 + 5*u**2 - 2*u + y. What is the units digit of i(1)?
2
Let d = -141 + 135. Let b(y) be the third derivative of y**6/120 + 3*y**5/20 + y**4/4 - 7*y**3/3 - y**2. What is the tens digit of b(d)?
5
What is the units digit of (-8 - (-1543829)/(-7))*7/(-35)?
1
Let l(h) be the third derivative of h**6/20 + h**5/10 - h**4/6 - 13*h**3/6 + 3*h**2 - 43. What is the hundreds digit of l(4)?
4
Suppose 283212 = 2716*v - 2698*v. What is the hundreds digit of v?
7
What is the ten thousands digit of (-844110)/20*124/(-279)?
1
Let h be (-4)/18 + 308/9. Suppose 5*w + 236 = h*z - 30*z, w + 124 = 2*z. What is the units digit of z?
4
Suppose -s + 4*b = 0, 4*b + 4 = -2*s - 8. Let p be (-34 - 1)*(4 + 0)/s. Suppose -p*g = -36*g + 4. What is the units digit of g?
4
Suppose 2*x = 23*d - 24*d + 2219, 8928 = 4*d - 5*x. Suppose 20*z = 3933 + d. What is the tens digit of z?
0
Suppose -498 - 386 = -4*q. Let k = 805 - q. What is the units digit of k?
4
Suppose -71*z + 70*z + 812 = 0. Suppose -11*k + 9*k = -z. What is the hundreds digit of k?
4
Let v be -1*17 - 8/8. Let s = 293 + v. What is the units digit of s?
5
Suppose z + 3*z + 2*p = 32, -12 = 3*p. Let u = 457 + z. What is the units digit of u?
7
Let y(f) = -f**3 + 15*f**2 - 26*f + 5. Let b be y(13). Suppose b*n - 1308 - 1067 = 2*l, 2*l = -5*n + 2375. What is the tens digit of n?
7
Suppose -6553*b + 6606*b = 1763204. What is the thousands digit of b?
3
What is the hundreds digit of 14776/17 + 129/(-731)?
8
Suppose -3*f + 21378 = 2*b - 102052, 3*f + 4*b = 123440. Suppose -f = -23*x - 7859. What is the thousands digit of x?
1
Let h(p) = -p**2 - 15*p + 38. Let t be h(-17). Suppose 800 = t*o + o. Let l = -60 + o. What is the tens digit of l?
0
Let g(k) = -2*k + 6. Let f be g(14). Let l = f - -121. Suppose -304 = l*i - 101*i. What is the units digit of i?
2
Suppose -255*q = -245*q - 30150. Suppose 0 = 5*h - 2*h - q. What is the tens digit of h?
0
Let s be (0 - 3 - -6)/((-6)/(-176)). Suppose -s = w - 325. What is the hundreds digit of w?
2
What is the tens digit of 1322/((-1 - -6) + 8829/(-1782))?
8
Suppose 10*r - 1 = 19. Suppose -t - 4*z - 11 = -551, 5*z - 1077 = -r*t. What is the tens digit of t?
3
What is the thousands digit of (33/(-110) + (-21)/(-20))/(3/4200)?
1
Let l(z) = -z**2 + 15*z + 9. Let u be 12/12 - (-11)/1. Let o be l(u). Suppose 3*k = 2*i + 40, 5*i + o = 2*k - 0*i. What is the units digit of k?
0
Let a(d) = -d**2 + 13*d - 22. Let v be a(11). Let b be 7 - (-1 + (4 - v)). Suppose y - b*c = -c, 4*y + c = 65. What is the units digit of y?
5
Let a(r) = 36*r - 26 + 11 + 9 + r**2. Let n be a(-26). Let w = n - -410. What is the tens digit of w?
4
Let t(k) = 98*k**2 + 120*k - 32. What is the thousands digit of t(-8)?
5
What is the tens digit of (-5)/(35/(-21)) + 10782?
8
Let w = -63 - -55. Let s = -20 + w. What is the hundreds digit of -1 + 2232/15 + s/35?
1
Let s = -156 - -150. What is the hundreds digit of -6*s/360 - (-5018)/20?
2
Suppose -2*w + 4*x = -22204, 8899 - 42225 = -3*w + 2*x. What is the hundreds digit of w?
1
Suppose 14*x + 123 = 1131. What is the tens digit of x/(-468) - (-24912)/26?
5
Suppose 0 = 6*x + 17 + 1. Let l(j) = j**3 - 4*j - 1. Let b be l(x). What is the units digit of 3/((-12)/b) + 149?
3
Suppose -36780 = -210*q + 150*q. What is the units digit of q?
3
What is the ten thousands digit of (11750/375)/(-4*(-1)/5646)?
4
What is the tens digit of ((-2223)/(-5) - -1)/((-82)/(-820))?
5
Suppose 258957 = 22*c - 10*c + 11*c. What is the units digit of c?
9
Let i(b) = -24*b**2 - 7*b**2 + 3 + 6 + 9*b**2. Let q be i(3). Let m = -99 - q. What is the tens digit of m?
9
Let c(d) = -770*d**2 + 2. Let q be c(-1). Let i = -540 - q. What is the hundreds digit of i?
2
Let k be (-2)/4 - (-2)/(-4) - -3. Suppose k*q + 3*u = 35, -4*q + 3*u + 40 = -u. Let v = q - -9. What is the units digit of v?
2
Let a(u) = -2*u**2 + 2*u + 7. Let f be a(0). Let j(o) = 12*o**2 - 21*o + 96. What is the units digit of j(f)?
7
Suppose 4*y - 35 = -y - 5*s, -3*y = -4*s. Suppose -y*r + 460 = 3*h, -2*h - 3*h + 761 = r. Suppose -328 = -5*m + h. What is the units digit of m?
6
Suppose -4*j = 16, 4*r + 4*j - 21 + 5 = 0. Suppose 0 = 3*h + b - 796, r*b - 7*b = 4*h - 1052. What is the hundreds digit of h?
2
Let b(k) = -2*k - 7. Let m be b(-6). Suppose -m*i = 4*t - 40, 0*i = 2*t + 2*i - 18. What is the tens digit of (-20)/50 + 302/t?
6
Suppose 4*v + 12 = 0, 32671 = -10*q + 12*q - 5*v. What is the ten thousands digit of q?
1
Let k = 75024 + -34621. What is the tens digit of k?
0
Let j be 6/14 - (-1185)/(-21). Let q be 14/j + (-26)/(-8). What is the units digit of (q/(-3))/1 - -32?
1
Let a = 74175 + -50176. What is the units digit of a?
9
Suppose -60 = 34*j - 230. Suppose p - 1244 = -j*h, -2*h + 751 = h - 4*p. What is the tens digit of h?
4
Let n = -928 - -7632. What is the hundreds digit of n?
7
Let h(z) = 4*z**3 + 16*z**2 + 37*z - 480. What is the ten thousands digit of h(14)?
1
Suppose 0 = 4*v - 3*v + j + 720, j = -3*v - 2154. Let y = 1207 + v. What is the units digit of y?
0
Let n be ((-28)/7)/((-27)/27). Let f be (1 + 10/(-4))*-2. Suppose -f*p + 369 = 5*j, n*j = -p + 2*p - 106. What is the units digit of p?
8
Suppose -4*t - 2*v + 14 = -38, -3*t + v + 49 = 0. Let n be (4/24*-27)/(3/(-26)). Let c = n - t. What is the tens digit of c?
2
Suppose t + 57 - 1299 = 0. Suppose -48 